 the remainder when m(-4) is divided by i.
14
Suppose 2*y = 5*c + 20, -5*c + 5*y + 1 = -c. Let f = -4 - c. Suppose -140 = -5*r - 5*m, 3*m = f*m - 3. What is the remainder when r is divided by 11?
9
Suppose 0 = k - 0*x - 5*x - 14, -3*k = -2*x - 3. What is the remainder when (-7 - 5)/(k*2) is divided by 3?
0
Let t = 20 + 7. Suppose 4*j - 8*j + 3*l + t = 0, 5*j - 5*l = 35. Calculate the remainder when 11 is divided by j.
5
Suppose 0 = -2*p - 3*p + 125. Suppose 4*u - 17 - 19 = 0. Calculate the remainder when p is divided by u.
7
Suppose 3*p = -2*v + 29 + 42, 5*p = 15. What is the remainder when 61 is divided by v?
30
Let x(a) = -a**3 - 10*a**2 - 20*a - 13. What is the remainder when 73 is divided by x(-8)?
16
Suppose 16 = 4*s - 2*s. Suppose -g - g = -s. Calculate the remainder when g is divided by (-6)/21 - 32/(-14).
0
Let y(w) = -w**3 - 5*w**2 - w + 8. Let u be 27/(-6) - 3/2. Calculate the remainder when y(u) is divided by 17.
16
Suppose -11*p + 154 = -4*p. Calculate the remainder when 218 is divided by p.
20
Let d(c) = 6*c + 1. Let z be d(-3). Let a = -9 - z. Calculate the remainder when 14 is divided by a.
6
Suppose -4*x - 3*h + 5*h + 82 = 0, -h - 3 = 0. What is the remainder when 74 is divided by x?
17
Let z(p) = p**3 + 16*p**2 + 10*p + 15. What is the remainder when z(-15) is divided by 23?
21
Suppose -4 = 4*d, z - 6*d = -2*d + 14. What is the remainder when 49 is divided by z?
9
Let k = -7 + 10. Suppose -i - 4 = 4*p, 0*i - 4 = -k*i - 4*p. Suppose -3*q = 4*t - 17, 2*q - t - i + 0 = 0. What is the remainder when 7 is divided by q?
1
Suppose -5*q + 11 = -14. Calculate the remainder when 16 is divided by q.
1
Let l(s) = 15*s**2. Let y be l(1). Suppose -5*d + y = -2*d. Suppose 4*z = d*g - 4*g + 25, g = -2*z + 17. What is the remainder when 13 is divided by z?
6
Let y be (-1)/(-4) + 63/(-12). Let i(p) = -5*p - 3. Suppose 0 = -2*l - 5*t + 36, -4*t + 39 = 5*l - 17. Calculate the remainder when i(y) is divided by l.
6
Let r(b) be the first derivative of b**2/2 + 22*b + 3. Let q be -1 - -2 - (2 + -1). Calculate the remainder when r(q) is divided by 12.
10
Let n = -7 - 7. Let h = n - -20. What is the remainder when 21 is divided by h?
3
Suppose -d - 6 = 2*d. Let x(t) = 3*t**3 + 4*t**2 + t - 2. Let w be x(d). Let v(g) = g**2 + 9*g - 13. Calculate the remainder when v(w) is divided by 8.
7
Suppose 5*t = 4 + 6. Let a(n) = -3*n**t + 7 - 10*n + n**2 + 3*n**2. What is the remainder when 20 is divided by a(10)?
6
Let l = 129 + 106. Calculate the remainder when l is divided by 14.
11
Suppose 0 = -3*t + 5*k + 578, -3*t = 2*k - 857 + 286. What is the remainder when t is divided by 49?
44
Let s(v) = v + 1. Suppose 0 = 4*b - b - 18. What is the remainder when 11 is divided by s(b)?
4
Suppose 3*k - 3 + 0 = 0, 0 = 3*b + k - 235. Calculate the remainder when b is divided by 40.
38
Suppose -l = 2*l, -4 = -a - 5*l. Suppose b - a*y + 22 = 3*b, 4*b - 3*y = 55. Calculate the remainder when 50 is divided by b.
11
Suppose 3 = -2*b + 9. Suppose 0 = b*x + 4*d - 47, 2*x - 4*d = -0*x - 2. Calculate the remainder when 35 is divided by x.
8
Suppose 4*k - 2*a - 230 = -4*a, 2*a = 2*k - 124. Calculate the remainder when 117 is divided by k.
58
Let a = 8 - 5. What is the remainder when a + 8*17/2 is divided by 24?
23
Suppose h = 5*g - 14, 13 = 4*g - 3*h + 4*h. Calculate the remainder when 5 is divided by g.
2
Suppose 5*x - x = 364. Suppose -5*f - x - 143 = -3*s, -3*s + f + 222 = 0. Calculate the remainder when s is divided by 19.
16
Suppose -6*n + 2*n + 116 = 0. Let a = -10 - -18. Let y = 18 - a. What is the remainder when n is divided by y?
9
Suppose -1 = 8*q - 89. Suppose -3 = -2*a - 5. Let w = 21 + a. Calculate the remainder when w is divided by q.
9
Let s(k) = 3*k**3 - 3*k**2 - 4*k + 5. Calculate the remainder when 26 is divided by s(2).
8
Let q = 14 - 9. Suppose -5*y + 60 = 5*i, -47 - 16 = -q*y - 2*i. What is the remainder when 50 is divided by y?
11
Let j(t) = 3*t**2 - 12*t + 29. What is the remainder when 128 is divided by j(5)?
40
Let h(u) = u**3 + 9*u**2 + 7*u - 9. Let v be h(-8). Calculate the remainder when 10 is divided by v/(-7) + (-189)/(-49).
2
What is the remainder when (-4 + 4 + 2)/(3/150) is divided by 51?
49
Suppose 27 - 7 = -4*q, 0 = y - 3*q - 38. Calculate the remainder when y is divided by 9.
5
Suppose -18 = 4*w + 38. Let u(h) = 4*h - 1. Let i be u(-8). Let j = w - i. Calculate the remainder when j is divided by 10.
9
Let f(v) = v**2 - v + 3. Let s = -9 + 6. Calculate the remainder when 59 is divided by f(s).
14
Suppose -4*a + 67 = 5*u - 28, 0 = -3*u - 2*a + 55. Suppose 5*r = 3*l - 55, -2*r + 0 + 22 = l. Let v = l + u. What is the remainder when v is divided by 9?
8
Suppose -3*n + n + 4*j = -34, 0 = 2*j. Calculate the remainder when n is divided by 11.
6
Let h = 3 - -1. What is the remainder when 9 is divided by h?
1
Let t = 31 - -11. Let s be (-3)/6 + 525/6. What is the remainder when t is divided by s/6 - (-2)/4?
12
Let l be (-1)/((-1)/2) + 0. Suppose u = 2, j + 3*u - 4 = l*j. Suppose -5*x + 62 = j. Calculate the remainder when 23 is divided by x.
11
Suppose -2*m = m + 2*s - 21, 3*m - 6 = 3*s. Suppose -70 = -d - 4*d. Calculate the remainder when d is divided by m.
4
Let z = -125 + 142. What is the remainder when 47 is divided by z?
13
Let x = 5 + -4. Suppose -2*m = -x - 1. Calculate the remainder when 25 is divided by m/(-2)*0 - -9.
7
Suppose 0 = -5*g + 25, -70 = -5*s + 2*g - 0. Suppose -c = y - 5, -5*y + 19 = 3*c - y. What is the remainder when 31/(-1)*c/(-1) is divided by s?
15
Suppose 5*o - 40 = -0*j + 5*j, -6 = -o + 2*j. Calculate the remainder when 3/((-3)/(-31)) - 2 is divided by o.
9
What is the remainder when 37 is divided by (-3)/6*-1*38?
18
Let g = 69 + -38. Let b = 49 - g. Calculate the remainder when 53 is divided by b.
17
Let z(w) be the third derivative of -w**5/60 - 17*w**4/24 + w**3/2 - 3*w**2. What is the remainder when z(-7) is divided by 25?
23
Calculate the remainder when 14 is divided by (-15)/(0 + -3) - 1.
2
Suppose -5*f + 6 + 4 = 0. What is the remainder when 10 - 0 - 1*(8 - 4) is divided by f?
0
Suppose 0 = v - 5, -5*v + 3 + 0 = -z. Calculate the remainder when 40 is divided by z.
18
Let f = 43 + -33. What is the remainder when 26 is divided by f?
6
Suppose -7 = -3*b + 20. Let u(p) = 2*p - 11. Let n be u(12). Calculate the remainder when (6/1)/2 + n is divided by b.
7
Suppose -18 = -2*q - 0*q - 2*o, 5*o + 9 = q. What is the remainder when 16 is divided by q?
7
Let s(v) = -v**2 - 11*v + 2. Let q be s(-11). Calculate the remainder when 70 is divided by (q/3)/((-1)/(-27)).
16
Suppose -h = -5*n + 32, -16 = -5*n + n - 4*h. Suppose 6*m = m + 80. Let j = 0 + m. Calculate the remainder when j is divided by n.
4
Let j(m) = 3*m + 48. Calculate the remainder when 55 is divided by j(-12).
7
Let m(f) = -f**2 - 5*f + 2. Let q = 0 + 3. Suppose j + q - 7 = 0. Calculate the remainder when m(-4) is divided by j.
2
Let p = 97 + -57. Suppose 0 = 2*r + 3*r - p. Calculate the remainder when (-2 + 12)/(6/9) is divided by r.
7
Suppose 6*a = a + 20. Let t = 18 - 13. Suppose a*j = -3*o - o + 68, 4*j - t*o - 104 = 0. Calculate the remainder when j is divided by 11.
10
Let y(o) = o + 45. Calculate the remainder when 55 is divided by y(-16).
26
Suppose -f + 5 = -2*h, -4*f = -7*f + 3*h + 12. Let z = -2 + f. Calculate the remainder when 23 is divided by (z + 1)/((-4)/(-24)).
11
Suppose -4*r = -3*m - 2*r + 24, r = 0. What is the remainder when 21 is divided by m?
5
Suppose -5*x = 5*z - 255, 8*z = 12*z + x - 204. Calculate the remainder when z is divided by 9.
6
Let j(h) = h**2 + 11*h + 15. Let p be j(-10). Calculate the remainder when (9 - -1) + -2 + p is divided by 5.
3
Suppose 0*x = 2*x. Suppose -2*w + 52 + 36 = x. What is the remainder when w is divided by 23?
21
Let u be (9 - 6)/((-3)/(-2)). Let q = 15 + u. Calculate the remainder when q is divided by 10.
7
Suppose -p = -3 + 1. Suppose -p*q - 155 = -3*i - 43, 2*i = -2*q + 58. Calculate the remainder when i is divided by 12.
10
Suppose 0 = 4*z - 0*z + 16. Let w be (-24)/(-4)*(-6)/z. Let y = 12 - w. What is the remainder when 8 is divided by y?
2
Let d = -72 + 42. Calculate the remainder when 34 is divided by (24/30)/((-2)/d).
10
Let w(h) = -h**3 + 2*h - 3. Let d = -2 + 4. Suppose 0 = d*k - 6 - 14. What is the 